vide 9888?
True
Does 20 divide 2541?
False
Is 14511 a multiple of 18?
False
Does 147 divide 26687?
False
Is 66 a factor of 1914?
True
Is 9 a factor of 945?
True
Is 35420 a multiple of 70?
True
Does 13 divide 1898?
True
Is 7813 a multiple of 13?
True
Is 16512 a multiple of 86?
True
Does 20 divide 584?
False
Is 4 a factor of 24?
True
Is 2900 a multiple of 34?
False
Is 59 a factor of 17817?
False
Does 90 divide 1170?
True
Is 17 a factor of 476?
True
Is 156 a factor of 7020?
True
Does 22 divide 7874?
False
Does 26 divide 506?
False
Is 3816 a multiple of 12?
True
Does 23 divide 2392?
True
Is 92 a factor of 18676?
True
Does 3 divide 2844?
True
Does 11 divide 375?
False
Is 18225 a multiple of 75?
True
Is 292 a multiple of 4?
True
Is 187 a multiple of 7?
False
Does 9 divide 378?
True
Is 614 a multiple of 76?
False
Is 13656 a multiple of 6?
True
Is 21 a factor of 630?
True
Is 7437 a multiple of 37?
True
Is 92496 a multiple of 24?
True
Is 7852 a multiple of 34?
False
Is 8 a factor of 2485?
False
Does 21 divide 525?
True
Does 20 divide 7940?
True
Does 73 divide 4453?
True
Is 30533 a multiple of 56?
False
Does 257 divide 24929?
True
Is 11 a factor of 1903?
True
Does 98 divide 4418?
False
Does 175 divide 9100?
True
Is 2730 a multiple of 94?
False
Does 29 divide 694?
False
Is 124 a factor of 20971?
False
Is 3524 a multiple of 87?
False
Does 37 divide 5217?
True
Is 800 even?
True
Is 39 a factor of 65754?
True
Does 21 divide 344?
False
Is 54075 a multiple of 75?
True
Does 9 divide 626?
False
Is 24 a factor of 19634?
False
Is 34 a factor of 766?
False
Is 146124 a multiple of 27?
True
Does 13 divide 6317?
False
Is 717 a multiple of 65?
False
Is 32234 a multiple of 18?
False
Is 96 a factor of 3648?
True
Is 80 a factor of 59920?
True
Is 868 even?
True
Does 7 divide 315?
True
Is 11 a factor of 42262?
True
Is 186 a factor of 85283?
False
Is 11 a factor of 3779?
False
Is 4 a factor of 28781?
False
Is 18 a factor of 28217?
False
Is 9035 a multiple of 5?
True
Is 9 a factor of 272?
False
Is 1776 a multiple of 37?
True
Is 20350 a multiple of 55?
True
Does 48 divide 24720?
True
Is 11088 a multiple of 33?
True
Is 21157 a multiple of 7?
False
Is 25 a factor of 7500?
True
Does 28 divide 40501?
False
Does 13 divide 19708?
True
Is 11 a factor of 946?
True
Is 840 a multiple of 84?
True
Is 7 a factor of 286?
False
Is 115 a factor of 11385?
True
Does 15 divide 555?
True
Does 8 divide 2304?
True
Is 51 even?
False
Does 123 divide 11316?
True
Is 598 a multiple of 29?
False
Does 7 divide 242?
False
Does 6 divide 816?
True
Is 10932 a multiple of 6?
True
Is 1245 a multiple of 81?
False
Does 3 divide 5?
False
Is 324 a multiple of 60?
False
Does 19 divide 2638?
False
Is 16576 a multiple of 74?
True
Is 32815 a multiple of 7?
False
Is 11510 a multiple of 37?
False
Does 15 divide 1050?
True
Does 5 divide 85?
True
Is 948 a multiple of 29?
False
Is 103 a factor of 1066?
False
Does 3 divide 369?
True
Does 33 divide 1518?
True
Does 7 divide 805?
True
Is 13 a factor of 22867?
True
Is 29 a factor of 14835?
False
Does 29 divide 760?
False
Is 30 a factor of 90076?
False
Is 134 a factor of 41214?
False
Is 14 a factor of 292?
False
Is 24 a factor of 1176?
True
Does 68 divide 2814?
False
Is 14342 a multiple of 71?
True
Is 13 a factor of 546?
True
Does 2 divide 5743?
False
Does 74 divide 77155?
False
Is 57 a factor of 2793?
True
Is 14 a factor of 73?
False
Is 6944 a multiple of 64?
False
Does 47 divide 18665?
False
Is 2884 a multiple of 7?
True
Is 51960 a multiple of 60?
True
Is 28 a factor of 822?
False
Is 17 a factor of 2516?
True
Is 94 a multiple of 76?
False
Does 36 divide 397?
False
Does 127 divide 21405?
False
Does 40 divide 47960?
True
Does 35 divide 3440?
False
Does 4 divide 4481?
False
Does 277 divide 39169?
False
Is 1056 a multiple of 8?
True
Is 8 a factor of 17080?
True
Is 75 a factor of 64875?
True
Is 2168 a multiple of 12?
False
Does 35 divide 140?
True
Is 12 a factor of 390?
False
Is 57 a factor of 2223?
True
Does 39 divide 73281?
True
Is 15 a factor of 3756?
False
Does 21 divide 99?
False
Is 8 a factor of 10191?
False
Is 651 a multiple of 28?
False
Does 67 divide 2502?
False
Is 17424 a multiple of 36?
True
Does 7 divide 280?
True
Is 7 a factor of 5971?
True
Is 15 a factor of 32415?
True
Is 20 a factor of 18110?
False
Does 17 divide 1424?
False
Is 4 a factor of 624?
True
Does 144 divide 30960?
True
Is 44 a factor of 5018?
False
Is 56 a factor of 1120?
True
Is 13 a factor of 1238?
False
Does 12 divide 68?
False
Is 74 a multiple of 9?
False
Is 227 a multiple of 15?
False
Is 31 a factor of 465?
True
Is 7 a factor of 544?
False
Is 442 a multiple of 13?
True
Is 25905 a multiple of 33?
True
Is 5 a factor of 690?
True
Is 10962 a multiple of 9?
True
Is 32 a factor of 928?
True
Is 27 a factor of 93?
False
Is 89 a multiple of 2?
False
Does 31 divide 580?
False
Does 378 divide 1512?
True
Is 35451 a multiple of 31?
False
Is 11 a factor of 72?
False
Is 4840 a multiple of 40?
True
Is 2246 a multiple of 7?
False
Is 8 a factor of 336?
True
Is 10 a factor of 1562?
False
Is 4522 a multiple of 15?
False
Is 14 a factor of 160?
False
Is 2 a factor of 199?
False
Is 107 a factor of 52708?
False
Does 11 divide 13987?
False
Is 4718 a multiple of 30?
False
Is 8 a factor of 691?
False
Is 23146 a multiple of 81?
False
Does 96 divide 483?
False
Is 210 a multiple of 7?
True
Does 21 divide 1009?
False
Is 79 a factor of 99?
False
Is 7 a factor of 356?
False
Does 10 divide 1110?
True
Is 107 a factor of 8132?
True
Is 46 a factor of 932?
False
Does 17 divide 29912?
False
Is 326 a multiple of 64?
False
Is 11 a factor of 704?
True
Is 171 a factor of 21546?
True
Is 21 a factor of 1019?
False
Is 2078 a multiple of 6?
False
Is 1860 a multiple of 41?
False
Is 14 a factor of 9828?
True
Is 26 a factor of 59410?
True
Is 19789 a multiple of 11?
True
Is 1917 a multiple of 63?
False
Does 5 divide 1290?
True
Does 44 divide 29084?
True
Is 2 a factor of 997?
False
Is 23 a factor of 484?
False
Is 2756 a multiple of 8?
False
Is 10 a factor of 2569?
False
Does 13 divide 275?
False
Is 1090 a multiple of 7?
False
Does 38 divide 13759?
False
Is 95 even?
False
Is 6 a factor of 669?
False
Is 7518 a multiple of 43?
False
Is 13 a factor of 41795?
True
Is 2592 a multiple of 48?
True
Is 14074 a multiple of 31?
True
Does 55 divide 6325?
True
Does 76 divide 8968?
True
Is 3 a factor of 1086?
True
Is 98740 a multiple of 10?
True
Is 8701 a multiple of 11?
True
Is 13774 a multiple of 71?
True
Is 26088 a multiple of 34?
False
Does 18 divide 378?
True
Is 5130 a multiple of 9?
True
Is 15 a factor of 2835?
True
Is 89 a factor of 16151?
False
Does 2 divide 467?
False
Does 259 divide 39438?
False
Is 12 a factor of 1859?
False
Is 89 a factor of 2937?
True
Does 13 divide 1063?
False
Does 10 divide 215?
False
Does 7 divide 1270?
False
Is 10 a factor of 19780?
True
Is 68 a factor of 1020?
True
Is 5952 a multiple of 24?
True
Is 24660 a multiple of 15?
True
Is 375 a multiple of 10?
False
Is 8513 a multiple of 20?
False
Does 19 divide 459?
False
Is 9 a factor of 9003?
False
Is 402 a multiple of 8?
False
Is 3062 a multiple of 16?
False
Is 13 a factor of 15542?
False
Is 45 a factor of 2835?
True
Is 30 a factor of 510?
True
Does 3 divide 2028?
True
Is 1888 a multiple of 30?
False
Is 4044 a multiple of 337?
True
Is 241 a factor of 113694?
False
Does 14 divide 45250?
False
Is 3906 a multiple of 63?
True
Does 3 divide 192?
True
Is 22 a factor of 3652?
True
Does 57 divide 171?
True
Is 34754 a multiple of 46?
False
Is 29 a factor of 9388?
False
Is 14 a factor of 9492?
True
Does 148 divide 11442?
False
Is 342 a multiple of 9?
True
Does 75 divide 12975?
True
Does 23 divide 4853?
True
Is 95453 a multiple of 105?
False
Does 86 divide 3479?
False
Is 6 a factor of 2318?
False
Is 1365 a multiple of 13?
True
Is 5952 a multiple of 54?
False
Does 5 divide 305?
True
Is 8 a factor of 656?
True
Is 2184 a multiple of 28?
True
Is 2346 a multiple of 12?
False
Is 21 a factor of 1857?
False
Is 532 a multiple of 3?
False
Is 36617 a multiple of 125?
False
Is 18 a factor of 540?
True
Is 465 a multiple of 93?
True
Does 15 divide 6425?
False
Is 19647 a multiple of 111?
True
Is 11 a factor of 389?
False
Is 815 a multiple of 30?
False
Is 113 even?
False
Does 15 divide 2265?
True
Is 80 a factor 